d be (-1)/((-2 - 0)/4). Suppose -d*s - 2*t = -24, 3*s - 2*s - 4*t - 2 = 0. What is the tens digit of s?
1
Suppose -2*l - 6 = -3*l. Suppose -j = 4*j + 15. Let h = l + j. What is the units digit of h?
3
Let q = 423 - 237. What is the units digit of q?
6
Suppose -5*s + z + 10 = 0, -2 - 2 = -2*s - 5*z. What is the tens digit of 77/5 - s/5?
1
Let m(w) = w + 6. Let a be m(-6). Suppose -3*g - 4 + 16 = a. Suppose 0 = 4*r + 3*s - 39, -5*s + g = r + 7. What is the units digit of r?
2
Let y = -1 - -3. Suppose -y + 0 = -d. What is the units digit of d?
2
Suppose -2*t = 5*q - 15, -5*q = -q - t - 25. Suppose q*s - 8 - 7 = 0. What is the units digit of s?
3
Suppose -l = -6*l + 25. Suppose -19 = l*d - 239. What is the tens digit of d?
4
Let o(w) = -w. Let f be o(-3). Let v = 6 - f. What is the units digit of v?
3
Suppose 8*u = 3*u - 235. Let d = u - -72. What is the tens digit of d?
2
Let l = -26 - -14. Let h = 19 + l. What is the units digit of h?
7
Let l(z) = -z**3 - 7*z**2 - 7*z - 4. Let s be l(-5). Let t = 35 + s. What is the units digit of t?
6
Suppose -10 = 2*b, z + 5*b - 17 = -6. Suppose 2*i = z + 6. What is the tens digit of i?
2
Suppose 0 = 5*s - 3*n - 21, 2 = -5*s + 3*s - 4*n. Let b = 5 - s. What is the units digit of b?
2
Let h = 267 + -138. What is the hundreds digit of h?
1
Let h = -3 - -20. Suppose 3*s = 59 - h. What is the tens digit of s?
1
Suppose -q = -0*k - 5*k, 4*k = -q + 9. Suppose -5*g + 0*f = -5*f + 95, 10 = -q*f. Let u = g - -30. What is the units digit of u?
9
Suppose 0 = -2*f + 5*m + 17, 2*f - 25 = -2*m - m. What is the units digit of f?
1
Suppose 0 = 3*t - 7*t + 16. Let c be 6/5*10/t. Suppose -3*q = 3*s - 24, 0 = c*q - 3 - 0. What is the units digit of s?
7
Let q be ((-38)/6)/((-3)/(-27)). Let x = -37 - q. What is the units digit of x?
0
Suppose 4*x - 2*k = 24, -4*x + 2*k = -2*x - 16. Suppose 14 - x = n. What is the units digit of (n/(-6))/(1/(-3))?
5
Suppose 4*x + 10 = -5*o + 4*o, -3*o = -3*x - 15. Let f = -2 - x. What is the units digit of f?
1
Let a = -8 - -12. Suppose s - 3*s - a*l = -2, 4*l = -20. What is the tens digit of s?
1
Suppose -3*b - f + 41 = b, 17 = 2*b - 3*f. What is the units digit of (-29)/(-5) + 2/b?
6
Suppose -2*b + 5 = -817. What is the hundreds digit of b?
4
Let u(j) = j**2 - 7*j + 13. What is the hundreds digit of u(14)?
1
Suppose -3*d + 15 = 2*d. Suppose q + d*q - 40 = -4*h, 25 = q + 4*h. Suppose -2*m - q = 3*m, 4*s + m = 47. What is the units digit of s?
2
Let p = -4 + 64. What is the units digit of p?
0
Let m(f) = 12*f - 51. What is the tens digit of m(18)?
6
Suppose y + 5 - 52 = 0. What is the units digit of y?
7
Let c(k) = 2 + 4*k + 4*k - 3 - 1. What is the tens digit of c(4)?
3
Let z = 19 - -35. What is the units digit of z?
4
Let o be 3 - 5/(-1) - 3. Suppose 3*w + 9 = -0*w + o*d, -w + 5 = d. What is the units digit of w?
2
Let d(r) = r**2 + 6*r - 1. Let l be d(-5). What is the units digit of (35/7)/((-2)/l)?
5
Let a = 121 + -55. Suppose -9 - a = -5*k. What is the tens digit of k?
1
What is the units digit of 1677/51 - 8/(-68)?
3
Let x(u) = u**3 - 10*u**2 + u + 5. Let q(i) = -i**3 + 4*i**2 - i + 4. Let g be q(3). What is the units digit of x(g)?
5
Suppose -2*l = 2*n - 6, -2*l - l + 5 = 5*n. What is the units digit of 3/(3/l) - 2?
3
Let w = -29 - -71. Suppose 48 = -4*m - 68. Let j = w + m. What is the units digit of j?
3
Suppose -132 = -5*x + 2*x. What is the tens digit of x?
4
What is the units digit of 55 + (-4)/(16/(-4))?
6
Let o(d) = -9*d**2 - 3*d - 3. Let t be o(-2). Let g = t - -53. Suppose -3*c = -c - g. What is the units digit of c?
0
Let w be ((-1)/2)/((-2)/20). Suppose -f = 2*d - 5 + 12, w*f = 3*d + 30. What is the units digit of 19/f + (-6)/(-9)?
7
Let z = 132 - 45. What is the tens digit of z?
8
Let x be (0 + 4)/((-8)/(-24)). Suppose 5*w - 143 = x. What is the units digit of w?
1
Let o(t) = -t - 5. Let v be o(-7). Suppose -v*u = 2*u - 60. What is the units digit of u?
5
Suppose -5*p - 2*r + 14 = 0, -2*p = r - 0*r - 6. Suppose -f + 1 = -p*j - 1, 0 = -3*j - 2*f - 3. What is the units digit of (-1)/(2/(-11 + j))?
6
Suppose 5*o + 25 = 5*x, 4*o + 18 = -5*x + 88. What is the units digit of x?
0
Suppose 0 = 2*q - 22 - 168. What is the tens digit of q?
9
Suppose -3*n = 2*n. Suppose 4*k + n*k - 72 = 0. What is the tens digit of k?
1
Let v = -132 - -230. What is the tens digit of v*(-3)/6*-1?
4
Let m(g) = -6*g**2 - 5 + g + 1 + 5 + g**3. Let h = -4 + 10. What is the units digit of m(h)?
7
Let y = 33 - 20. Let c = 4 + y. What is the tens digit of c?
1
Let y = 7 - 12. Let f = y + 8. Suppose 2*o + 27 = 5*g, 8*g - 22 = 3*g - f*o. What is the units digit of g?
5
Let m(h) = h**3 - 13*h**2 + 16*h + 3. Let x be m(12). Let w = x + -35. What is the units digit of w?
6
Suppose 0*q + 3*j - 6 = 2*q, 5*q - 27 = -3*j. Let r = q - -9. What is the units digit of r?
2
Let w(f) = 3*f**2 - 2*f**2 - 21*f + 3 + 16*f. What is the tens digit of w(7)?
1
Let u = 9 + -29. Let a = u + 29. What is the units digit of a?
9
Suppose -3 = t - 5*p, -8 = -2*t - 2*p - 2*p. Suppose -t*q + 13 = 3*n, 0 = 4*q - 5*q + 5. What is the units digit of n?
1
Let w be (-2)/3*(1 + 5). Let j be ((-2)/w)/((-2)/16). What is the units digit of ((-2)/j)/(2/24)?
6
Let i = 14 + 12. What is the units digit of i?
6
Let q(b) = 5 + b**3 + 6*b**2 - 1 - b + 2*b. Let g be q(-6). What is the units digit of (-50)/(-6) - g/3?
9
Let s(c) = -c**3 - 4*c**2 - 3*c. What is the tens digit of s(-4)?
1
Suppose 3*p - 4*p - 1 = 0. Let n(u) = 2*u - 1. Let h be n(p). Let b = h - -4. What is the units digit of b?
1
Let z(s) = s**3 + 6*s**2 - 8*s - 1. Let h(b) = -2*b + 9. Let l = 2 - -6. Let i be h(l). What is the units digit of z(i)?
6
Suppose -6*i + 576 = -0*i. What is the tens digit of i?
9
Let z(t) = -4*t**2 - 9*t + 2. Let y(x) = -7*x**2 - 18*x + 3. Let a(j) = -3*y(j) + 5*z(j). What is the units digit of a(-9)?
1
Suppose 3*n - 107 + 32 = 0. What is the tens digit of n?
2
What is the tens digit of 88*5/14 + (-9)/21?
3
Let g(x) = x + 12. Let s be g(-8). Suppose 2*h + 2 = s*h. What is the units digit of h?
1
Let z be (-40 + -1)/((-3)/3). Suppose 3*i = 3*a - 3, 3*a = 8*a + 4*i - z. Let y = 11 - a. What is the units digit of y?
6
Let h(o) = 5*o + 2. What is the tens digit of h(5)?
2
Suppose 0 = -a - 1 - 2. Let f(k) = k**2 - 2*k - 4. What is the units digit of f(a)?
1
Let w(z) = z**3 - 6*z**2 - 8*z + 10. Let h be w(7). Suppose 0 = h*c - c - 5*n - 55, 3*c = -3*n + 30. What is the tens digit of c?
1
Let x(h) = 10*h**2 - 3*h - 6. What is the tens digit of x(3)?
7
Let o(m) = -m. Let x be o(1). What is the units digit of 8/(-6)*(x + -5)?
8
What is the tens digit of ((-2)/3)/((-6)/225)?
2
Suppose -2*b = -3 + 1. Let u(g) = 12*g**2 + g - 1. What is the units digit of u(b)?
2
Let g(b) = b**2 + 6*b + 5. What is the units digit of g(-12)?
7
Let k(s) = 23*s**3 - 2*s**2 + s. Let w be k(1). Suppose -4 + w = 3*x. What is the units digit of x?
6
What is the tens digit of 2*(-1)/2*(-174 + -7)?
8
Suppose 3*u + 1 = 4*i, -5*u + 6 = -19. Let r = -3 + i. What is the units digit of 8 + (r - 1) - 3?
5
Let d(h) = -h - 2. Let j = -2 - -9. Let g = 2 - j. What is the units digit of d(g)?
3
Suppose -2 = 4*y + 2. Let s be (-10)/(-5) + (0 - y). Suppose -a = -s*b - b - 1, -b + 26 = 5*a. What is the units digit of a?
5
Let w(t) = -t**3 - 2*t**2 + t - 4. Suppose 4*g + 15 = g, 5*g + 31 = -2*r. Let b be w(r). Suppose 11 = b*z + 1. What is the units digit of z?
5
Let g be (-4)/(-4*1) + -1. Suppose 4*b - 34 - 10 = g. What is the units digit of b?
1
Let y(x) = x + 1. Let p(m) = 3*m + 12. Let z(k) = p(k) - 2*y(k). What is the units digit of z(-7)?
3
What is the units digit of (-5)/4 + (-742)/(-56)?
2
Let f = 6 - -29. Suppose -4*r + 5 = -3, f = 3*m - 5*r. What is the tens digit of m?
1
What is the tens digit of (-5 - -3) + 2 + (36 - -1)?
3
Suppose 72 = -11*r + 13*r. What is the units digit of r?
6
Suppose 6 - 18 = -4*c. Suppose 3*t + 15 = -2*h + c, 5*h + 30 = 4*t. Let s = 7 + h. What is the units digit of s?
1
Let l = -4 + -11. Let c = l - -11. What is the tens digit of (4/2)/c*-22?
1
Suppose 0 = 2*n - 10, -5*i = -0*i - n + 30. Let a be 40/(-12)*6/i. Suppose 0 = -2*d - t + 4, 2*t + a = -3*d + 10. What is the units digit of d?
2
Let h(m) be the second derivative of m**3 - 15*m**2/2 + 7*m. What is the tens digit of h(7)?
2